{"id":2,"date":"2020-04-03T08:24:43","date_gmt":"2020-04-03T06:24:43","guid":{"rendered":"http:\/\/xn--gudsportklubb-kmb.se\/?page_id=2"},"modified":"2025-11-20T10:18:29","modified_gmt":"2025-11-20T09:18:29","slug":"gudo-sk","status":"publish","type":"page","link":"https:\/\/xn--gudsportklubb-kmb.se\/","title":{"rendered":"Gud\u00f6 SK"},"content":{"rendered":"\n<p><em>Gud\u00f6 sportklubb tr\u00e4nar, arrangerar och deltar i t\u00e4vlingar tillsammans med fokus p\u00e5 hj\u00e4lpsamhet, \u00e4ventyr, utmaningar och upplevelser.<\/em><\/p>\n\n\n\n<p><\/p>\n\n\n\n<div class=\"wp-block-group\"><div class=\"wp-block-group__inner-container is-layout-grid wp-container-core-group-is-layout-1 wp-block-group-is-layout-grid\">\n<figure class=\"wp-block-image size-full\"><a href=\"https:\/\/xn--gudsportklubb-kmb.se\/index.php\/tavlingar\/skimo-sm-vemdalen-2026-2\/\"><img loading=\"lazy\" decoding=\"async\" width=\"931\" height=\"1107\" src=\"https:\/\/xn--gudsportklubb-kmb.se\/wp-content\/uploads\/2025\/11\/skimo-sm-vemdalen-2026.png\" alt=\"Skimo-SM Vemdalen 2026\" class=\"wp-image-595\" srcset=\"https:\/\/xn--gudsportklubb-kmb.se\/wp-content\/uploads\/2025\/11\/skimo-sm-vemdalen-2026.png 931w, https:\/\/xn--gudsportklubb-kmb.se\/wp-content\/uploads\/2025\/11\/skimo-sm-vemdalen-2026-252x300.png 252w, https:\/\/xn--gudsportklubb-kmb.se\/wp-content\/uploads\/2025\/11\/skimo-sm-vemdalen-2026-861x1024.png 861w, https:\/\/xn--gudsportklubb-kmb.se\/wp-content\/uploads\/2025\/11\/skimo-sm-vemdalen-2026-768x913.png 768w\" sizes=\"(max-width: 931px) 100vw, 931px\" \/><\/a><figcaption class=\"wp-element-caption\">I Vemdalen arrangerar vi SM i individuell skimo och en VK-t\u00e4vling 14\u201315 mars.<\/figcaption><\/figure>\n\n\n\n<figure class=\"wp-block-image size-full\"><a href=\"https:\/\/xn--gudsportklubb-kmb.se\/index.php\/tavlingar\/gudo-run-of-hope-2\/\"><img loading=\"lazy\" decoding=\"async\" width=\"1440\" height=\"1496\" src=\"https:\/\/xn--gudsportklubb-kmb.se\/wp-content\/uploads\/2025\/11\/gudo-run-of-hope-dam.jpg\" alt=\"\" class=\"wp-image-601\" srcset=\"https:\/\/xn--gudsportklubb-kmb.se\/wp-content\/uploads\/2025\/11\/gudo-run-of-hope-dam.jpg 1440w, https:\/\/xn--gudsportklubb-kmb.se\/wp-content\/uploads\/2025\/11\/gudo-run-of-hope-dam-289x300.jpg 289w, https:\/\/xn--gudsportklubb-kmb.se\/wp-content\/uploads\/2025\/11\/gudo-run-of-hope-dam-986x1024.jpg 986w, https:\/\/xn--gudsportklubb-kmb.se\/wp-content\/uploads\/2025\/11\/gudo-run-of-hope-dam-768x798.jpg 768w\" sizes=\"(max-width: 1440px) 100vw, 1440px\" \/><\/a><figcaption class=\"wp-element-caption\">Gud\u00f6 SK arrangerar varje \u00e5r det popul\u00e4ra Gud\u00f6 Run of Hope till f\u00f6rm\u00e5n f\u00f6r Barncancerfonden.<\/figcaption><\/figure>\n<\/div><\/div>\n\n\n\n<p><\/p>\n","protected":false},"excerpt":{"rendered":"<p>Gud\u00f6 sportklubb tr\u00e4nar, arrangerar och deltar i t\u00e4vlingar tillsammans med fokus p\u00e5 hj\u00e4lpsamhet, \u00e4ventyr, utmaningar och upplevelser.<\/p>\n","protected":false},"author":1,"featured_media":488,"parent":0,"menu_order":2,"comment_status":"closed","ping_status":"closed","template":"","meta":{"footnotes":""},"class_list":["post-2","page","type-page","status-publish","has-post-thumbnail","hentry"],"_links":{"self":[{"href":"https:\/\/xn--gudsportklubb-kmb.se\/index.php\/wp-json\/wp\/v2\/pages\/2"}],"collection":[{"href":"https:\/\/xn--gudsportklubb-kmb.se\/index.php\/wp-json\/wp\/v2\/pages"}],"about":[{"href":"https:\/\/xn--gudsportklubb-kmb.se\/index.php\/wp-json\/wp\/v2\/types\/page"}],"author":[{"embeddable":true,"href":"https:\/\/xn--gudsportklubb-kmb.se\/index.php\/wp-json\/wp\/v2\/users\/1"}],"replies":[{"embeddable":true,"href":"https:\/\/xn--gudsportklubb-kmb.se\/index.php\/wp-json\/wp\/v2\/comments?post=2"}],"version-history":[{"count":52,"href":"https:\/\/xn--gudsportklubb-kmb.se\/index.php\/wp-json\/wp\/v2\/pages\/2\/revisions"}],"predecessor-version":[{"id":638,"href":"https:\/\/xn--gudsportklubb-kmb.se\/index.php\/wp-json\/wp\/v2\/pages\/2\/revisions\/638"}],"wp:featuredmedia":[{"embeddable":true,"href":"https:\/\/xn--gudsportklubb-kmb.se\/index.php\/wp-json\/wp\/v2\/media\/488"}],"wp:attachment":[{"href":"https:\/\/xn--gudsportklubb-kmb.se\/index.php\/wp-json\/wp\/v2\/media?parent=2"}],"curies":[{"name":"wp","href":"https:\/\/api.w.org\/{rel}","templated":true}]}}